v**3 - 2*v**2 + 3*v. Let y be m(2). Let i = y + -22. What are the prime factors of (-6)/2*i/6?
2
Suppose -1057 = -4*j - 229. List the prime factors of j.
3, 23
Let o(s) = -6*s**2 - 2*s - 26. Let u(k) = 1 - k + 2*k**2 - 4*k**2 - 10. Let r(a) = -6*o(a) + 17*u(a). What are the prime factors of r(3)?
2, 3
Suppose 0 = x + x - 30. Let l = x + -3. What are the prime factors of l?
2, 3
Let m be 2/1 + -4 - -7. Suppose 4 = -x + 4*a - 1, 0 = -5*x - m*a + 75. What are the prime factors of x?
11
Let l(c) = 3*c**2 - 4*c + 43. List the prime factors of l(10).
3, 101
Let j(c) = -2*c**2 - 3*c. Let m be j(-1). Suppose 2*q - 70 = -3*q. Let t = q + m. What are the prime factors of t?
3, 5
Let p(f) = f**2 - 5*f. Let t be p(6). Let n = -8 + t. What are the prime factors of ((-15)/(-10))/((-1)/n)?
3
Let j = -17 + 22. Suppose 2*s - j*s + 66 = 0. What are the prime factors of s?
2, 11
Suppose 5*y - 3*k - 44 = 0, -2*k - 4 + 12 = 2*y. Suppose -y - 5 = -2*q. What are the prime factors of q?
2, 3
Let r(n) = n**2 + n - 7. What are the prime factors of r(5)?
23
Suppose -172 - 173 = -3*i. What are the prime factors of i?
5, 23
Suppose 9 = 2*s + s, -5*s = -k - 148. Let p = k + 189. What are the prime factors of p?
2, 7
Let n be 6*(-66)/9*3. Let r be n/20 - (-2)/(-5). Let g = 12 + r. List the prime factors of g.
5
Let p(v) = v**3 - 17*v**2 + 16*v + 3. Let m be p(16). Suppose -m*f = f - 60. What are the prime factors of f?
3, 5
Let i(r) be the second derivative of r**4/12 + r**3/2 + 3*r**2/2 - r. List the prime factors of i(-3).
3
Let f = -7 + 7. Suppose 2*q + f*q = 4. List the prime factors of (-126)/(-6) - 4/q.
19
Suppose 0 = -2*d + 1 + 5. What are the prime factors of -2*(-3 + d + -1)?
2
Suppose 40 = -3*i + 4*i + b, 0 = -4*i - 3*b + 163. List the prime factors of i.
43
Let v = 13 + -3. What are the prime factors of (-51)/(-7) + v/(-35)?
7
Let i = -83 + 140. What are the prime factors of i?
3, 19
Let j(q) = 2*q**2 - 4*q + 1. Let y = 2 - -1. Suppose -4*a - 3*v = -y, 7*v = -5*a + 2*v. What are the prime factors of j(a)?
7
What are the prime factors of (-6)/4*(-2 - 0)?
3
Let v(l) be the third derivative of l**5/12 - l**4/6 - 5*l**3/6 + 3*l**2. List the prime factors of v(-2).
23
List the prime factors of -16*(-5 - 0 - (-3)/(-6)).
2, 11
Let n(s) = -s**3 - 10*s**2 + 13*s - 3. List the prime factors of n(-12).
3, 43
Suppose 2*s - 14 = -0*s. Suppose s*h - 240 = h. List the prime factors of h.
2, 5
Let u be 52/10 - 5/25. Suppose 3*h = 2*b - 24, 6*h - 60 = -u*b + 3*h. What are the prime factors of b?
2, 3
Let d(s) = 5*s**2 + 15*s - 3. List the prime factors of d(5).
197
Let f = 25 - 13. Let v be (-3 - 0)*40/f. What are the prime factors of (v - 0)*1/(-1)?
2, 5
Suppose 102 = 2*x - 56. What are the prime factors of x?
79
Let u(c) be the third derivative of -c**4/4 + c**3/6 - 3*c**2. What are the prime factors of u(-1)?
7
What are the prime factors of ((-67)/(-2) - 1)*672/80?
3, 7, 13
Let x = 15 + 21. What are the prime factors of x?
2, 3
List the prime factors of (465/12)/(3 - 22/8).
5, 31
Let a = 3 - 3. Suppose a = p - 2 - 1. What are the prime factors of p?
3
Let b be (1 - -3*1) + -2. Suppose y - 2*y + 35 = -3*f, -3*y = -b*f - 70. Suppose 0 = -3*j + y + 7. List the prime factors of j.
3
Let y(r) = -r**2 + 17*r + 17. List the prime factors of y(17).
17
What are the prime factors of 1/(8/(-14) - 2095/(-3605))?
103
List the prime factors of 114/(12/(-40)*-5).
2, 19
Let s(g) = -g**2 + 23*g - 1. List the prime factors of s(16).
3, 37
Let x be 6/(-24) - (-21)/4. Suppose 0 = -x*c - 5*w + 110, 14 = -0*c + c - w. List the prime factors of c.
2, 3
Let i(t) = 2*t**2 + 9*t - 16. Let z be i(-5). Let l(s) = -s**2 - 16 + 9*s + s**2 + s**2. List the prime factors of l(z).
2, 3
Suppose -2*v = 2*v - 48. Suppose a + 2 - v = 0. List the prime factors of a.
2, 5
Let o(m) = -14*m - 38. List the prime factors of o(-11).
2, 29
Let t(s) = 4*s + 2. Let r be t(-3). Let v = r + 19. What are the prime factors of v?
3
Let q(i) be the first derivative of -i**4/4 - 2*i**3 - 4*i**2 - 7*i + 4. List the prime factors of q(-5).
2
Let o = -48 + 81. What are the prime factors of o?
3, 11
Suppose -2*s = 3*s - 10. Let f = 2 + 1. Suppose 5*d - 7 = -f*o, o = -3*d + s*d + 5. List the prime factors of o.
3
Let n(l) = -l**3 - 5*l**2 + 2*l + 4. Let m be n(-4). What are the prime factors of 164/10 + 8/m?
2
Let p be 2/(-1) - 1/(-1). Let t be (-10 + 2 + p)*-1. Suppose 0*d + 3*d = t, -4*d = -5*n - 2. List the prime factors of n.
2
Let z be (1 + 9)*(-5)/(-2). Suppose 5*r - 10 = z. List the prime factors of r.
7
Let d(a) = a + 4. Let f be d(-2). Let g(v) = v**3 - 5*v**2 + v - 5. Let h be g(5). Suppose f*k - 7 - 3 = h. List the prime factors of k.
5
Let r(p) = -p**2 - 8*p - 1. Let i be r(-5). Let z be 6/(-21) - (-18)/i. Suppose 1 = 2*n - 3*x, 2 + z = -n + 5*x. What are the prime factors of n?
2
Suppose 2 + 23 = -5*u. Let a(n) be the third derivative of -n**5/60 - n**4/4 + 5*n**3/6 - 2*n**2. List the prime factors of a(u).
2, 5
Suppose -2*t = o - 32 - 87, 0 = 3*t + o - 179. What are the prime factors of t?
2, 3, 5
Let p(a) = 4*a**2 + 6*a + 2. Let x(s) = -s - 3. Let r be x(-9). Let i(f) = 5*f**2 + 6*f + 2. Let k(n) = r*p(n) - 5*i(n). What are the prime factors of k(3)?
11
Let b be (-130)/14 - (-4)/14. Let o(d) = -d - 4. Let k be o(b). Suppose 0 = k*i - 5*y - 65, 60 = 3*i - 0*i + 4*y. List the prime factors of i.
2
Suppose 1228 = 4*y - 2*p, 2*p + 0*p = -3*y + 935. What are the prime factors of y?
3, 103
Suppose 3*d = -2*q + 46, -4*d + q + 65 = -0*d. What are the prime factors of d/12*(-30)/(-4)?
2, 5
Let y(r) = -3*r**2 - 9*r - 20. Let b(z) = 2*z**2 + 4*z + 10. Let l(s) = 5*b(s) + 3*y(s). What are the prime factors of l(9)?
2
What are the prime factors of -1 + 34 + -4 + 2?
31
Suppose 4*k - 5*r - 79 = k, 0 = 2*k + 2*r - 26. Suppose 3*g = 5*y + 88, -g + k = -2*y - 13. What are the prime factors of g?
3, 7
Suppose -5*o = -o + b - 18, -5*o + 5*b + 10 = 0. List the prime factors of (-2)/o + 18/4.
2
Suppose 98 = -3*v + 5*v. What are the prime factors of v?
7
Let j(p) = -p**3 + 5*p**2 - 5*p + 10. Let k be j(4). Suppose -3*r = -k*r + 111. What are the prime factors of r?
37
Suppose -6 + 1 = -z. Let c(v) = 3*v - 6. List the prime factors of c(z).
3
Suppose 0 = -r + 4*f + 62, 6*f - 3*f = 9. List the prime factors of r.
2, 37
Suppose 12*k = 7*k + 355. List the prime factors of k.
71
Let b be ((-42)/28)/(1/(-2)). Suppose 4 = -7*g + 3*g, 0 = 3*y - b*g - 75. List the prime factors of y.
2, 3
Suppose 5*r - 2*y - 23 - 95 = 0, 51 = 2*r + 3*y. What are the prime factors of r?
2, 3
Let x(t) = t**2 - 4*t + 3. Let w be x(4). Let g(y) = -y**3 - 15*y**2 - y - 4. Let s be g(-15). Suppose -s = -w*r + 16. List the prime factors of r.
3
Let s be 30/45*(-3)/2. Let c(k) = -3*k**2 - k + 1. Let g be c(1). List the prime factors of 4 - 0/g*s.
2
Suppose 3*a + 12 = x, -5*a = 4*x - 9*x + 20. Let h be (-1)/1*21 - x. List the prime factors of h/(-2)*(-2)/(-3).
7
Let c = 16 - 2. What are the prime factors of c?
2, 7
Suppose 4*t - 7 - 1 = 0. Let i = t + -3. What are the prime factors of ((-1)/((-3)/(-45)))/i?
3, 5
Suppose -5*g - 3*c + 27 = 0, -2*g + 11 = -5*g + 5*c. Let y be 21 - (-1*g)/(-3). Suppose 3*x = m - 23, 0*x + y = -4*x. List the prime factors of m.
2
Suppose 0 = i + i - v - 434, i + v - 214 = 0. List the prime factors of i.
2, 3
Suppose -5*c = -3*w + 34, 3*c + 0 = -3*w - 6. Suppose -6 = -0*r - w*r. Suppose -r*z + 7*z + 5*o = 55, 0 = 3*z - 3*o - 9. List the prime factors of z.
7
List the prime factors of (-54)/90 + 2/(-10)*-1088.
7, 31
Let g(u) = -u**3 + 5*u**2 - 2*u - 4. Let y be g(4). Suppose m - 5*m = 3*i - 84, 4*m = -y*i + 116. List the prime factors of i.
2
Let p = -47 - -83. Let i = p - 20. What are the prime factors of i?
2
Suppose 128 + 20 = 2*w. List the prime factors of w.
2, 37
Let s(h) = -2*h - 2. Let x be (8/(-6))/(10/30). Let w be s(x). Suppose -b + 2*a + w + 10 = 0, 5*a = b - 13. List the prime factors of b.
2, 3
Let h = 8 + -17. Let m be (3/h)/(2/(-36)). Suppose -c + 12 = -m. What are the prime factors of c?
2, 3
Suppose 5*v - x - 12 = v, -4*v - x = -12. Suppose 5*q = -25, v*y - 37 = -2*q - 2. Suppose -2*j = j - y. List the prime factors of j.
5
Let b(g) = 9*g**2 + 4*g - 1. List the prime factors of b(4).
3, 53
Suppose 0 = -3*c - 5 + 35. Suppose 0*u